y 11.
9
Suppose 4*m - 15 = v, 4*v - 10 = -0*v + 2*m. Calculate the remainder when 42 is divided by v.
2
Suppose 336 = 8*z - 104. Calculate the remainder when 820 is divided by z.
50
Calculate the remainder when (45/4)/(78/1040) is divided by 46.
12
Suppose 5*x - 37 - 43 = 0. Suppose b + 1604 = 5*a, -4 = -3*b - x. Suppose 140 + a = 5*y. What is the remainder when y is divided by 24?
20
Suppose -5*f + h - 3*h = -44, 3*f + 5*h - 15 = 0. Suppose f = -0*l + l. Calculate the remainder when 69 is divided by l.
9
Let j be -10*(1/(-2))/(-1). What is the remainder when 20/4*(-46)/j is divided by -30*18/(-225)*5?
10
Let p be 3/(2*(-12)/32). Calculate the remainder when (-69)/(0 - (p/(-8) + 1)) is divided by (24/5)/(1/5).
22
Let u be (-4 - (-152)/20)/((-3)/(-50)). Let f = u + 113. What is the remainder when f is divided by 44?
41
Suppose 4 + 0 = j. Suppose j*c - 268 = -4*m, -3*m + c = 2*m - 317. Calculate the remainder when m is divided by ((-408)/36)/(4/(-6)).
13
Suppose 60*o = 53*o + 112. What is the remainder when 221 is divided by o?
13
Suppose 0 = 3*z + 5*w - 49, -3*z + 2*z - 5*w = -33. Let m(h) = h + 4. Calculate the remainder when 58 is divided by m(z).
10
Suppose -k - 8*s + 4*s = -58, 4*k + s = 157. What is the remainder when k is divided by 11?
5
What is the remainder when 229 is divided by ((-156)/(-48))/(1/24) - 0?
73
Let x = 9 - 4. Suppose 0 = -x*u + 5 + 25. Calculate the remainder when 16 is divided by u.
4
Let m(c) be the third derivative of c**4/4 - 31*c**3/6 - 20*c**2. Calculate the remainder when 102 is divided by m(11).
32
Let j(n) = -n**3 - 15*n**2 - 37*n + 6. Suppose 12 = -3*c, -z = -0*z - 2*c - 13. What is the remainder when j(-12) is divided by z?
3
Let n(z) = -24*z - 75. Calculate the remainder when 157 is divided by n(-4).
10
Let p(d) = 14*d + 13. Let g be p(-3). Let m = g - -35. Calculate the remainder when 19 is divided by m.
1
Let o(m) = 12*m**3 - 3*m**2 + 5*m - 2. Let u be o(1). Let d(h) = -h + 28. What is the remainder when 45 is divided by d(u)?
13
Suppose u - 3*f = -44, 84 = -5*u + 2*u - 3*f. What is the remainder when 1/(-4) - (7 + (-1967)/28) is divided by (-20)/4*u/10?
15
Let n(h) = 11*h + 73. Let p be n(0). Let v = p + -61. What is the remainder when v is divided by 8?
4
Suppose -24 = n - 54. Suppose 6*u - n - 114 = 0. Calculate the remainder when 88 is divided by u.
16
Let f(q) = 61*q - 11. Let p be f(6). Suppose -7*t = -2*t - 5*n + 15, -3*t - n + 3 = 0. Suppose t = 3*c + 2*c - p. What is the remainder when c is divided by 24?
23
Let c(u) = 2*u**2 + 39*u - 12. Let m be c(-23). Suppose -m*s = -151*s + 74. What is the remainder when s is divided by 23?
14
Let k(l) = -2*l**2 + 26*l + 32. What is the remainder when 43 is divided by k(14)?
3
Suppose 4*x = 9*x - 340. Let l = -45 + x. What is the remainder when 67 is divided by l?
21
What is the remainder when 12400/60 - 4/6 is divided by 42?
38
Let l(x) = x**3 + 6*x**2 - 5*x + 21. Let t be l(-7). Calculate the remainder when 11 is divided by 266/49 + (-3)/t.
1
Let l = -285 + 438. What is the remainder when l is divided by 23?
15
Calculate the remainder when 568 is divided by 6/(-8) - (-1155)/20.
55
Let h be (0 - 1)/(2/2). Let v = h - -21. Suppose -2*b - 2*b = -228. What is the remainder when b is divided by v?
17
Let l = -6 + 23. What is the remainder when l is divided by 17/(884/528) - 10/65?
7
Suppose 1252 = 3*q - 2*i, -45*i - 1674 = -4*q - 40*i. Calculate the remainder when q is divided by 11.
9
Suppose -232*s + 7558 + 7858 = -44*s. Let f(c) = -7*c - 4. Calculate the remainder when s is divided by f(-3).
14
Let c(t) = -t**3 + 6*t**2 + 7*t + 13. Let y be c(7). Suppose -y = -2*v - h, -4*v + 3 = -h - 26. What is the remainder when v is divided by 3?
1
Let i(f) = 6*f**2 + 8*f + 30. What is the remainder when i(0) is divided by 5?
0
Let d(u) = -21*u - 2 + 3 + 6. Let c be d(5). Let z = c + 167. What is the remainder when z is divided by 14?
13
What is the remainder when 431 is divided by (-2)/((-145)/(-30) - 5)?
11
Let o(x) = -x**2 - 28*x - 22. Suppose -l + 2*l + 33 = 4*q, -2*l = q + 48. What is the remainder when o(l) is divided by 7?
4
Suppose 13 = f - 2*f. Let x = f - -160. Suppose 7*m - 4*m - x = 0. What is the remainder when m is divided by 13?
10
Let p be 6/(-4)*(-42)/9. Suppose -6*g + p*g = 5. Suppose g*m - 488 = -0*k + k, 188 = 2*m - 4*k. What is the remainder when m is divided by 25?
23
Let c(b) = -2*b**3 + 6*b**2 + b + 29. What is the remainder when 77 is divided by c(0)?
19
Let d(r) = -r**3 - 1. Let g be d(-5). Calculate the remainder when (g/(-5))/((-44)/110) is divided by 32.
30
Suppose -457 = 61*b - 1372. Calculate the remainder when 176 is divided by b.
11
Let n(g) = 3*g - 14. Let l(i) = -i - 7. Let r be l(-19). What is the remainder when 86 is divided by n(r)?
20
Suppose -56*g = -51*g - y - 79, 2*y + 5 = g. Let d(t) = -2*t + 0 + t**2 + 7*t**2 + 1. Calculate the remainder when g is divided by d(1).
3
Let f = -18 - -25. Let g(j) = j**2 + 6*j + 3. Let y be g(-6). What is the remainder when 4/(y + (-25)/9) is divided by f?
4
Suppose 0 = 4*c - 4 - 40. Let g(p) = -p**2 + 20*p - 21. Let j be g(17). Let h = j - -12. Calculate the remainder when h is divided by c.
9
Suppose 2*p - 6 = -0*p + 3*a, 4*p = -4*a + 12. Suppose 18 = p*k - 0*k. Suppose -k = g - 14. Calculate the remainder when 31 is divided by g.
7
Let v = 396 + -254. What is the remainder when v is divided by 13?
12
What is the remainder when 136 is divided by -1 + 35 + (13 - 6)?
13
Suppose d + 2*d = 0. Suppose -3*h - x + 122 = d, 0 = 3*h + 4*x - 26 - 93. Suppose b = h + 18. What is the remainder when b is divided by 15?
14
What is the remainder when 132/18*75/10 is divided by 14?
13
Let d = 29 - 26. What is the remainder when (3/6)/((-2)/(-76)) is divided by 2/d + (-152)/(-24)?
5
Let o be (5 - -1)/((-6)/(-4)). Suppose 55 - 159 = -o*u + l, 5*u = l + 130. What is the remainder when 50 is divided by u?
24
Suppose 5*t = -c - c + 27, -4*t + 40 = -3*c. Suppose 8*a - t*a = 21. What is the remainder when 41 is divided by a?
20
Suppose -24 = -d - 6. Let j = -11 + 23. Calculate the remainder when (15/2)/(3/d) is divided by j.
9
What is the remainder when 1020 is divided by (-9)/72*-8 - -6?
5
Suppose 0 = -0*b + 3*b - 2*a - 132, -5*b = 3*a - 201. Suppose -17*d + b = -15*d. Calculate the remainder when 81 is divided by d.
18
Let x = -30 - 45. What is the remainder when 275 is divided by x/(-6) - (-1)/(-2)?
11
Suppose -3*t + 3*k + 45 = 0, 0*t = -2*t - 3*k + 30. Suppose -3*s + 283 + 80 = 0. Suppose s + 111 = 4*u. What is the remainder when u is divided by t?
13
Suppose 84 = 2*r + 10. Calculate the remainder when 218 is divided by r.
33
Calculate the remainder when 44 is divided by -175*(6 - 5)/(-7).
19
Let c(j) = -4*j - 3. Let w be c(-3). Let t(n) = 3*n - 8. Let u be t(w). Let y = -15 + u. Calculate the remainder when 11 is divided by y.
3
Let h(k) = 9*k**2 + 7*k - 5. Calculate the remainder when 169 is divided by h(-3).
4
Let x = 8 + -19. Let o = x - -14. Calculate the remainder when 8 is divided by o.
2
Let v = -1492 - -1565. Calculate the remainder when 218 is divided by v.
72
Suppose 11*h + 280 = 6*h. Let a = -48 - h. Calculate the remainder when 38 is divided by a.
6
Suppose 0 = -3*q - 5*f + 2*f - 3, 4*f = -20. Suppose 12 = 5*s - 63. Calculate the remainder when s is divided by q.
3
Let h = -50 + 150. Calculate the remainder when h is divided by 34.
32
Let m(k) = 74*k + 22. What is the remainder when m(6) is divided by 67?
64
Let m = -57 + 62. Suppose 3*l - p - 8 = 6, -m*l + 12 = 4*p. Calculate the remainder when 17 is divided by l.
1
Suppose 4*a = -7 - 101. Let d be (16 - a)/(1/3). Suppose -d = -3*m + 2*i, 3*i + 171 = 4*m - 0*m. What is the remainder when m is divided by 24?
21
Let n(q) = 5*q + 3. Let x be n(3). Let m = 40 - x. Let c(i) = -i**3 + 5*i**2 + 6*i + 6. What is the remainder when m is divided by c(6)?
4
Let n(k) = 3*k + 55. Let i be n(-8). Let b = 82 - i. What is the remainder when 200 is divided by b?
47
Suppose 9 = 3*d, -5*t - 2*d = -403 - 423. Calculate the remainder when t is divided by 44.
32
Let i(b) = -12*b + 31. What is the remainder when i(-6) is divided by 53?
50
Suppose -19*u = -21*u + 2, 0 = 3*j + u - 115. Suppose 0*f - 5*s - 25 = -2*f, 3*s = -f + 29. Calculate the remainder when j is divided 